uppose -u + 0*k - 4*k = -52, 160 = 5*u - 5*k. Let t be 132/(-5) - (1 - 4/10). Let b be (-2 - 708/t) + 30/(-135). What is the highest common divisor of u and b?
12
Let j be (514 + -39)*(0 + 4/2). Calculate the highest common factor of 350 and j.
50
Suppose -4*d = -2*m - 7632, -5*m = -2*d + 1244 + 2548. What is the highest common divisor of d and 52?
13
Let f = 13200 - 12801. Calculate the greatest common factor of 2109 and f.
57
Let r(a) = 2577*a - 16929. Let o be r(9). What is the highest common factor of 378 and o?
54
Suppose 3*s + 4*y = 66975, -7*s + 24*y - 28*y + 156259 = 0. What is the highest common divisor of 17 and s?
17
Let y(k) = 5*k**3 - 3*k**2 + 5*k + 8. Suppose 3*z - 7 = -2*f, z = -4*f - 0 - 11. Let g be y(z). Calculate the highest common divisor of g and 53.
53
Let t(c) = c**2 - 10*c - 3006. Let y be t(-74). Calculate the highest common divisor of 60 and y.
30
Let k = -126 + 126. Suppose u = 3*b + 64, k = -3*u - 5*b + 3*b + 159. What is the highest common factor of 10 and u?
5
Suppose 12*h - 30277 = 1451 + 18816. Calculate the highest common divisor of 108 and h.
108
Let w(m) = 13*m**2 - 171*m + 28. Let c be w(13). Calculate the highest common factor of 125 and c.
1
Let b(m) = 2267*m**2 + 1021*m - 6178. Let y be b(6). What is the greatest common factor of 40 and y?
40
Let g be (-1)/((-621)/(-3476) - (-9 + (-505)/(-55))). What is the greatest common factor of 3634 and g?
158
Suppose -2*x = -0 + 6, 0 = -2*l + 3*x + 69. Suppose 0 = -2*y - l + 34. What is the greatest common divisor of y and 18?
2
Suppose -2*i - 4*u + 1154 = 0, -3*i + i + 5*u + 1190 = 0. Suppose x - 5*x = -5*a + 975, 3*a - i = -x. What is the highest common factor of 117 and a?
39
Suppose 0 = -12*g + 37*g - 125. Suppose -g*b - 4*p = -2*p - 2375, 2*b - 4*p = 926. Calculate the greatest common divisor of b and 11.
11
Suppose -1 - 20 - 19 = -8*a. What is the highest common factor of 5905 and a?
5
Let v(b) = -6*b + 11. Let d be v(3). Let w be d/(7/2) + 4. Suppose -w*q + 133 = 23. Calculate the highest common divisor of 11 and q.
11
Let b = 79 - 47. Let h(y) = -2*y**3 + 6*y**2 + 8. Let r be h(4). Let w = b + r. Calculate the greatest common divisor of 8 and w.
8
Suppose 3*u + 3*r = 19491, 0 = 3*u + 5*r - 1223 - 18268. What is the highest common factor of u and 73?
73
Let j(g) = 4*g**2 - 6*g - 3. Let l be j(-1). Suppose 30*q - 20700 = l*q. Calculate the highest common factor of q and 100.
100
Let x = -19715 - -21332. What is the greatest common divisor of 957 and x?
33
Suppose 13734 = 3738*t - 3732*t. Calculate the highest common divisor of 63 and t.
21
Let m(q) = 4*q**2 + q - 1. Let r be m(-2). Suppose 2*a - r*a = -99. Calculate the greatest common divisor of a and 12.
3
Suppose 736 + 327 = 19*o - 400. Suppose l = 6 + 16. Calculate the highest common divisor of o and l.
11
Suppose 3*y - 4 + 25 = 0. Let r = 20 + y. Calculate the greatest common factor of r and 208.
13
Let j(m) = m**3 + 8*m**2 + 8*m - 9. Suppose 0 = 138*k - 140*k - 12. Let a be j(k). What is the greatest common factor of a and 25?
5
Let o(p) = -p**2 + 18*p + 47. Let z be o(9). Suppose 212 = -0*h - 4*h. Let i = h + z. Calculate the greatest common divisor of i and 15.
15
Let u(p) = -p**2 + 14*p - 42. Let b be u(9). Suppose o + 4 = -a + 12, 2*o + b*a - 14 = 0. What is the highest common factor of 660 and o?
10
Suppose -63*n = -66*n + 2*j + 422, -5*n - j = -673. What is the greatest common factor of 1264 and n?
8
Suppose 0 = 20*c + 1834 + 1746. Let o = -168 - c. Calculate the greatest common factor of 1 and o.
1
Let h(n) = 100*n - 191. Let p be h(2). Suppose -d + 64 = j - 0*j, 5*j = 4*d + 311. What is the highest common factor of j and p?
9
Let n be ((-69)/6)/((9 + 6)/(-780)). Calculate the greatest common factor of 230 and n.
46
Let r be ((-3)/((-18)/(-3624)))/((-8)/44). Calculate the greatest common divisor of 4832 and r.
302
Let x be (-576)/(1406/(-100) - -14). What is the highest common divisor of x and 75?
75
Let g(r) = 27 - 12 + 3752*r + 67 - 3750*r. Let m be g(14). What is the greatest common divisor of m and 44?
22
Let m be (-31)/(-2) + 6/4. Let k be (-144 - 3 - 6)/(-1). Calculate the greatest common factor of m and k.
17
Let d = -3954 - -4028. Calculate the highest common divisor of d and 2738.
74
Suppose -16*l + 168 = -104. Suppose -k = 4, -12*f + l*f - 4*k = 456. Calculate the greatest common divisor of 11 and f.
11
Let q be (-1)/7 + ((-4662)/(-49))/(-6). Let y be (-4)/q*(-715)/(-5)*4. Calculate the highest common factor of y and 22.
11
Suppose 5*x - 2 - 3 = 0. Let h be -3 + (0 + 1 - x). Let w be -4*-5*h/(-6). Calculate the greatest common factor of 20 and w.
10
Let l(b) = b - 3. Let v(w) = 3*w - 10. Let q(z) = 8*l(z) - 3*v(z). Let c be q(-6). Let f = -13341 + 13365. What is the greatest common factor of c and f?
12
Let r be (-3528)/(-3087)*(-1 - 9/(-2)). Calculate the highest common factor of r and 8.
4
Let r(w) = -w**2 + 8*w - 9. Let l be r(6). Suppose -181 = 3*m + 4*p, -l*m + 53 = -4*m - 5*p. Let n = m + 71. What is the greatest common divisor of 24 and n?
8
Let l be (6 - 3)*1*10. Suppose -25 = 2*w - 7*w - 5*p, 0 = -w + 2*p + 20. What is the highest common divisor of w and l?
10
Suppose 133 = 4*d + 5*y, d + 1425*y - 1427*y - 30 = 0. Calculate the highest common divisor of 560 and d.
16
Let n(i) = i**3 - 5*i**2 - i. Let r be n(6). Suppose 3*b - 3*m - 639 = 0, 3*m - 16 = -25. Calculate the greatest common factor of b and r.
30
Let k = -130 - -87. Let y = k - -48. Suppose 5*v + 3*u = 195, 2*v + 195 = 7*v - y*u. What is the highest common factor of v and 13?
13
Suppose 94*h + 9900 = 104*h. What is the highest common divisor of 270 and h?
90
Let p(z) = 5*z**2 + 116*z - 32. Let n be p(-29). Let t = -413 + n. What is the greatest common divisor of 72 and t?
36
Let y be (-2)/12*(-36)/8*12. Suppose -10*h + 285 = y*h. Calculate the greatest common divisor of 645 and h.
15
Let l = -1962 + 2142. Calculate the greatest common factor of l and 280.
20
Suppose 2640 = 4*y - 3*i, 2640 = -27*y + 31*y - 2*i. Calculate the greatest common factor of 420 and y.
60
Let k(l) = 97*l**2 + 23*l + 45. Let x be k(-4). What is the greatest common divisor of 140 and x?
35
Suppose -4*i + 13*r = 18*r + 12, 0 = i - 3*r - 14. Calculate the greatest common divisor of 470 and i.
2
Let r = 1478 + -344. What is the highest common divisor of 14 and r?
14
Let l(j) = j**3 - 104*j**2 + j + 234. Let h be l(104). Calculate the greatest common factor of 1794 and h.
26
Let d = -10 - -18. Suppose 17*m - 199 - 209 = 0. Calculate the highest common divisor of d and m.
8
Suppose 18 = 3*h + 5*m, 104*h + 46 = 108*h + 3*m. What is the greatest common divisor of h and 728?
8
Let q(i) = 7*i + 8. Let s be q(8). Let r be (14 - (-3 + 1))*147/(-28). Let t be -8*3/r*28. Calculate the greatest common factor of t and s.
8
Suppose 4*u = -4*g + 400, u + 477 - 97 = 4*g. Calculate the highest common factor of 3 and g.
3
Let b(t) = -t**2 - 13*t + 518. Let l be b(17). What is the highest common factor of l and 5560?
8
Let x(q) = 14*q - 32. Let v be x(4). Let t be 9/(-2)*(-8)/6. Suppose 6 = -5*m + t*m. What is the highest common factor of m and v?
6
Let p(m) = 5*m. Let i = -14 + 19. Let g be p(i). Let a be -1*-175*(2 - 1). Calculate the highest common divisor of g and a.
25
Let f = -16734 - -18809. What is the highest common factor of 83 and f?
83
Suppose s - 20*t + 15*t = 468, 2*s = -4*t + 922. Calculate the highest common factor of 1 and s.
1
Suppose 38*z + 7*z = 60371 + 15049. What is the greatest common factor of 12 and z?
4
Suppose -79*v - 38*v + 65286 = 0. Calculate the greatest common divisor of v and 90.
18
Let s(x) be the second derivative of -22*x**3/3 - 67*x**2 + 5*x - 28. Let q be s(-6). What is the highest common divisor of 20 and q?
10
Let u = 41 - 34. Suppose 2 - 20 = -2*r + 2*z, 0 = r - 2*z - u. Calculate the highest common factor of 5 and r.
1
Let m = 13 + -9. Let q be (6/12 + (-6)/m)*-3. Suppose 11*w = 7*w + 108. Calculate the greatest common factor of q and w.
3
Suppose -12*t + 2136 = -1404. Calculate the highest common factor of t and 1003.
59
Let c be (155/5 - 1) + -5. Suppose -33 = -2*b + f, -b + 2*f + c - 4 = 0. What is the greatest common factor of 105 and b?
15
Let a be (4/(-3) - -2)/((-76)/5586). Let r = a + 97. Calculate the greatest c